t n(k) be the first derivative of 19*k**2/2 + 20*k + 41. What is the tens digit of n(19)?
8
What is the ten thousands digit of (-28)/(-6)*420/168*5571?
6
What is the units digit of (667/(-8) + 81/216)*-66?
8
Let q = 94 - 94. Suppose -3*t + 9 + 3 = q. Suppose 5*y - 473 = -t*r, -8*y - 3*r + 471 = -3*y. What is the units digit of y?
3
Let g(y) = 11370*y - 322. What is the ten thousands digit of g(1)?
1
Suppose 0 = 204*d + 219*d - 36512514. What is the hundreds digit of d?
3
Let x(l) = -l**2 + 12*l + 983. Let d be x(0). What is the tens digit of (d - 2/(7 - 5)) + -1?
8
Let h be 2*(-12)/(-8)*(-80)/(-15). What is the units digit of 8/h*(11 + 3)?
7
What is the tens digit of (-3*(-8)/(-30))/((-60)/1911450)?
8
What is the units digit of 19023 + 8 + 1 - (-2 - 0)?
4
Let t(x) be the second derivative of 3*x**5/10 - x**4/4 + x**3/3 - x**2 + 2*x. Let h be ((-26)/(-52))/((-2)/(-8)). What is the units digit of t(h)?
8
Let p = -2 - -2. Suppose 21*w + 1392 = 33*w - 24*w. Let m = p - w. What is the hundreds digit of m?
1
Let f(j) = -j**3 - 6*j**2 + 185*j - 61. What is the units digit of f(-26)?
9
Let q = 11 + -13. Let o be 1192/(-16)*(q - -4). Let i = 108 - o. What is the units digit of i?
7
Let u = -26 - -82. Suppose 0 = 35*q - 38*q - 144. Let i = u - q. What is the tens digit of i?
0
Suppose 2*q - 16*s = -17*s + 13054, 4*s - 6541 = -q. What is the thousands digit of q?
6
Let u(k) = 13*k**2 + 97*k + 208. What is the ten thousands digit of u(29)?
1
Let h = 195 + 154. Let s = -118 + h. What is the hundreds digit of s?
2
Let z = 411 + -402. Suppose l - 148 = -4*y, 0 = 2*l - z*y + 4*y - 335. What is the units digit of l?
0
Let g(j) be the first derivative of -j**4/4 + 22*j**3/3 - 17*j**2 + 83*j + 184. What is the tens digit of g(20)?
0
Let h(p) = 4*p + 193 + 4*p + 2*p**2 - 195 - 4*p. Let s(t) = -6*t**2 - 11*t + 6. Let v(i) = -17*h(i) - 6*s(i). What is the tens digit of v(-5)?
5
Suppose -d + 5*z + 455 = 2*d, -4*d + 603 = -3*z. Let r = d - 242. Let c = r + 148. What is the units digit of c?
6
Suppose -t = -3*j + t + 13, j - t = 3. Let z(x) = x**2 + 2*x - 4. Let y(l) = 3*l**2 + 3*l - 9. Let u(s) = 3*y(s) - 7*z(s). What is the tens digit of u(j)?
6
Suppose 17*m + 24*m - 1037920 = -39*m. What is the ten thousands digit of m?
1
Let q(t) = 4*t - 1. Let y be q(0). What is the hundreds digit of (1/y)/(686/(-137) + 5)?
1
Let r = 558 - 95. Suppose 0 = 4*m + 2*h - 1834, m = -5*h + 6*h + r. What is the units digit of m?
0
Let j be -3 + 7 + 1/((-3)/(-48)). Suppose t - j = 2*i + i, 5*i = -3*t + 130. Suppose -612 = -38*f + t*f. What is the tens digit of f?
0
Let v be ((-30)/(-12) - 0)*4/5. Suppose -4*x + 3*z + 9 + 0 = 0, 0 = v*x - 5*z - 1. Suppose x*s = -t + 450, s - t = -4*s + 750. What is the hundreds digit of s?
1
Let r(s) = s**3 - 24*s**2 + 2*s + 77. Suppose 1534 = 24*v + 35*v. What is the hundreds digit of r(v)?
4
Let g(p) = -2*p**2 + 11*p + 7. Let i be g(6). What is the tens digit of (i + -2 - 1)/((-9)/2016)?
4
Suppose 9*j + 26009 = -22*j. Let r = j - -1543. What is the units digit of r?
4
Let f = -294 + 322. Suppose -7*s - 15603 = -f*s. What is the units digit of s?
3
Suppose 4*c - 16240 = -3*c. What is the hundreds digit of c?
3
Suppose -4*j + 25 - 9 = 0. Suppose 0 = 2*z + 2*s - 14, 3*z + 0*s - j*s = -7. What is the tens digit of -3 + (23 - z - 4)?
1
Suppose -465 = -3*z + 3*r, -r = 3*z + r - 450. Suppose 0 = -3*j - 5*j + z. Let o(t) = -t**2 + 22*t - 28. What is the tens digit of o(j)?
2
Let k be (0 - (-4 - -1))*(6 + -7). What is the tens digit of (-354)/k*22/4?
4
Let k = -20758 - -44903. What is the ten thousands digit of k?
2
Suppose -106*l + 51*l + 701470 = 0. What is the tens digit of l?
5
Suppose a - 2857 = -18*d + 14*d, 4*d = 2*a - 5762. What is the tens digit of a?
7
What is the thousands digit of 14 - -137*(145 - 8)?
8
Suppose 5*n = -3*g + 6919, -4*n + 3812 = 5*g - 7724. Suppose 0 = 4*b + 3*m - g, -6*m + 5*m = 0. What is the hundreds digit of b?
5
Suppose 363*y - 1469124 = 180*y. What is the hundreds digit of y?
0
Let z(k) = 8*k**2 - 67*k + 45. Let y be z(19). Suppose 7*v = 27*v - y. What is the units digit of v?
3
Let h = 99564 + -26788. What is the ten thousands digit of h?
7
Let b = -309 - -2328. Suppose -b = -291*u + 288*u. What is the tens digit of u?
7
Let p(l) = 16*l - 3. Let s be p(-6). Suppose 17*g = 12*g - 5*f + 15, 2*g - 6 = -4*f. What is the tens digit of (s + -9)/(g/(-4))?
4
Suppose -5*g + 93496 = 26*g. What is the tens digit of g?
1
Let j be (-2 + (-4)/16*0)*-2. Suppose 0 = j*k - 10 - 2. Suppose k*m + 208 = 7*m. What is the units digit of m?
2
Let f(u) = 2766*u - 5488. What is the tens digit of f(26)?
2
Suppose 0 = w + 1, -4*t + 4031 = w - 896. Suppose 29*c - t = 25*c. Suppose 0 = -2*o + 4*v + c, 0 = 3*v + 5 - 2. What is the tens digit of o?
5
What is the units digit of 3/(642753/80343 - 8)?
1
Let r be 114/(2 - 0) - (-3)/1. Let s = r - 51. Let g = 49 - s. What is the tens digit of g?
4
Let t = -127 - -155. Let n = t + 59. What is the units digit of n?
7
Let d be (-1485)/(-4) + 125/(-100). Let r = -307 + d. What is the units digit of r?
3
Suppose -108*u = -43*u - 1251835. What is the hundreds digit of u?
2
Suppose 13954 - 17915 = 22*g - 77551. What is the units digit of g?
5
Suppose -l - 3*l - 24 = 0. Let d(m) = -m**3 - 7*m**2 - 5*m + 8. Let u be d(l). Suppose u*s - 34 = 4*h, -4*s + 5*h - 31 = -90. What is the units digit of s?
1
What is the hundreds digit of ((-12273)/6 + 0)/((-280)/2240)?
3
Suppose 8*w + 4*u = 6*w + 9344, -u + 23369 = 5*w. Suppose 17*q - 23136 + w = 0. What is the units digit of q?
6
Let t be ((-176)/(-55))/(3/900). Let x = t + -128. What is the tens digit of x?
3
Suppose 11*u + 118 = 679. Let d = 183 - u. What is the tens digit of d?
3
Let u = -4619 + 12188. What is the thousands digit of u?
7
Let m(q) = 3*q**2 + 18*q + 4. Let f be m(-6). What is the tens digit of 3924/30 + f/(-5) + 1?
3
Let u(j) = -18*j. Suppose -14*c = -20*c - 66. Let v be u(c). Suppose -2*g + v = -2*f, g + 0*f + 4*f - 109 = 0. What is the hundreds digit of g?
1
Let b(o) = -520*o + 5091. What is the thousands digit of b(-70)?
1
Let j = -3857 + 13044. What is the thousands digit of j?
9
Let k(m) = m**2 + 4*m - 1. Let p(x) = -11*x**2 - 11*x - 58. Let t(o) = -5*k(o) - p(o). What is the tens digit of t(13)?
6
Let f = 14 - 6. Suppose f*o - 802 - 7086 = 0. What is the units digit of o?
6
Suppose 540 = 5*v - 4*x, 2*x + 101 = v - 13. Suppose -v*n - 24 = -106*n. Suppose -7*a = -n*a + 295. What is the tens digit of a?
5
Let w = 143 - 468. Let j = w + 455. What is the tens digit of j?
3
Let i be (1*-2)/(-2)*5. Let u(k) = -k**3 - 2*k**2 - 3*k - 16. Let g(n) = -2*n**2 - n - 5. Let q(z) = -4*g(z) + u(z). What is the tens digit of q(i)?
3
Suppose -16 = -5*w - 1. Suppose -w*p = 120 - 714. What is the tens digit of p?
9
Suppose a - 3*t - 6154 = 39, 24765 = 4*a - 5*t. What is the units digit of a?
0
Suppose -286*r + 282*r + 278445 = f, 69606 = r - 5*f. What is the thousands digit of r?
9
Let p(g) = g**2 - 6*g - 3. Let l(k) = 2*k**2 - 12*k - 5. Let y(q) = -6*l(q) + 13*p(q). Let b be y(9). What is the tens digit of (-3)/1*(-3)/b*50?
2
Let o be (4/10)/(33/(-495)). Suppose -3*n + 4*u - u + 1245 = 0, 0 = -2*n - 3*u + 805. What is the tens digit of o/36*3 + n/4?
0
Let c be (-24)/(-20)*10/6. Let k be 15/(-3) + 3 + c. Suppose 4*w - 12 = -k*w, -t + 3*w = -174. What is the tens digit of t?
8
Suppose 0 = 63*j - 67*j - 2*g + 4, 4*j - 4*g = -8. What is the tens digit of 190 + j - (-88)/(-11)?
8
Let y(h) = h**2 + h + 296. Let d(x) = -x**2 + 6*x + 40. Let g be d(10). What is the units digit of y(g)?
6
Let o(d) be the third derivative of d**5/60 + 7*d**4/12 + d**3 + 2*d**2. Suppose -8*g + 3*g - 4*b = 104, 5*b + 5 = 0. What is the hundreds digit of o(g)?
1
Let p = 7346 - -1726. What is the thousands digit of p?
9
Let g be (-85)/25 - 4/(-10). Suppose -4*y = -9*y - 160. What is the units digit of (-2 + y/g)*(1 + 5)?
2
Suppose -19*j + 56539 = 22*j. What is the units digit of j - -8 - 5 - 8?
4
Suppose q + 43 = 22. Let x = -6 - 17. Let c = q - x. What is the units digit of c?
2
Suppose -2*z = i - 2*i - 6, z - 8 = 3*i. Suppose -5*g + z*g - 15 = 0. Let t(n) = 3*n**2 + n + 11. What is the tens digit of t(g)?
8
What is the hundreds digit of 3780/(42/28 + -1)?
5
Suppose -a + 3 = 3*x + 4, 0 = 5*a - 10. Wh